ative of 1/4*m**4 + 0*m**2 + 94*m + 1/3*m**3 - 1. List the prime factors of w(0).
2, 47
Suppose 42*i - 184799 - 2323609 = 0. List the prime factors of i.
2, 3, 7, 79
Let k be (-2)/(-14) + 123/21. Suppose v = 5*l - 2131, 857 = k*l - 4*l - 5*v. What are the prime factors of l?
2, 3, 71
Suppose f + 14 - 16 = 0. Suppose -3*r - 1 = -r - s, f*r - 2 = -2*s. Suppose 4*q + 3*p - 592 = 0, r*q - 2*p = 3*q - 443. List the prime factors of q.
5, 29
Suppose -7*d - 12*d = -15*d - 180860. What are the prime factors of d?
5, 9043
Suppose -p - l + 72173 = 0, -4*l + 72198 = p - 8*l. List the prime factors of p.
2, 151, 239
What are the prime factors of ((-121522)/(-16))/(1778/(-112) + 16)?
60761
Let c be (2/(-10)*4)/(6/(-45)). Let u = c + -4. Suppose -u*h + 3*f - f = -182, -103 = -h - 5*f. What are the prime factors of h?
3, 31
Suppose -7046 = -4*p - 2*z, 3*z + 5282 = 3*p + 4*z. Suppose 4*f - 4*y + 209 = 1989, 4*f = -3*y + p. What are the prime factors of f?
2, 13, 17
Suppose 3*i + 0*t = 4*t + 850, 0 = -3*i + t + 865. Let z be (3 - 2)/(1 + i/(-292)). Suppose -z = -2*h + 118. What are the prime factors of h?
2, 3, 11
Let h be (1 + 1615)*483/276. Suppose -h = -4*u + 692. What are the prime factors of u?
2, 5, 11
Let u be (-45 + 10)/(1 + -3 + 1). Let m(s) = s**2 - 16*s + 89. What are the prime factors of m(u)?
2, 13, 29
Let h = 10 + -12. Let l be (h/6)/((-2)/18). Suppose 2*y + 5*c = 118, -l*y + 7*y - 3*c = 184. What are the prime factors of y?
7
Let s = -75 - -81. List the prime factors of ((-1852)/s)/((-60)/90).
463
What are the prime factors of 3/4 - ((-4)/40 + (-1478469)/60)?
2, 3, 37
Suppose k + 1031 - 1049 = 0. Suppose -15504 = -6*t - k*t. What are the prime factors of t?
2, 17, 19
Suppose -48*d = -45*d - 3. List the prime factors of (1 - (1 - d))*291.
3, 97
Let z = -10006 + 20359. List the prime factors of z.
3, 7, 17, 29
Let b(w) = 648*w - 2323. List the prime factors of b(11).
5, 31
Suppose 3*z - 5381 = x, 8*z = 9*z - 2*x - 1802. What are the prime factors of z?
2, 7
Let h be (-10672)/34 - (-38)/(-323). Let v = h + 762. Let w = -259 + v. What are the prime factors of w?
3, 7
Let i(k) = -2*k**2 + 15*k + 10. Let p be i(8). Let x(a) = 4 + p + 424*a - 455*a. List the prime factors of x(-3).
3, 11
Suppose -4*k + 326 = -406. Let v = -15 + k. Suppose -16*s = -8*s - v. List the prime factors of s.
3, 7
Let d be 2/(0 + (-8)/(-12)). Let a be (-4)/d + 232/12. Let r(j) = j**3 - 17*j**2 - 8*j - 19. List the prime factors of r(a).
7, 23
Suppose 4*q = i + 165875, 7*i + 164490 = 3*q + 40090. List the prime factors of q.
3, 23, 601
What are the prime factors of (-4)/14 - (26886/(-21) + -3)?
1283
Suppose 44014 = 4*u + v - 107634, 0 = -2*u - 4*v + 75796. What are the prime factors of u?
2, 3, 71, 89
Suppose -2*l - 15877 = -67551. List the prime factors of l.
7, 3691
Suppose -44*y + 123*y - 1542238 = 0. List the prime factors of y.
2, 43, 227
Suppose 85 = -3*c - r, -9 = 2*c + r + 47. Let z = -25 - c. Suppose -5*p = -z*p - 28. List the prime factors of p.
2, 7
What are the prime factors of 2*(318 + 12*(-3)/(-6))?
2, 3
Let w(z) be the third derivative of z**5/12 + 3*z**4/4 - 7*z**3/6 + 2*z**2 + 49. What are the prime factors of w(-5)?
2, 7
Let i = 1420 + -4148. Let n = -1863 - i. What are the prime factors of n?
5, 173
Suppose -30 = 5*p, -u = 138*p - 136*p - 20821. What are the prime factors of u?
83, 251
Suppose 21*a = 13*a + 149208. What are the prime factors of a?
3, 6217
Suppose 4480 = -19*x + 172250. List the prime factors of x.
2, 5, 883
Let h(a) = a**3 - 8*a**2 + a - 21. Let i be h(8). What are the prime factors of (-1)/i + (-13440)/(-195)?
3, 23
Let r = -8826 + 22959. List the prime factors of r.
3, 7, 673
Suppose -3*w + 5*l + 31241 = -11958, 4*w = -3*l + 57589. What are the prime factors of w?
2, 23, 313
Let x = -1061 - -3164. List the prime factors of x.
3, 701
Suppose -3*v = -s - 12, v + 4*v = -2*s + 20. Suppose -4*y = v*y - 5*y. Suppose -3*q + 109 + 32 = y. What are the prime factors of q?
47
Let m = 4754 + -3862. List the prime factors of m.
2, 223
Let m = -1138 + 2575. What are the prime factors of m?
3, 479
What are the prime factors of (12/8)/(7/(-42)) - -5996?
5987
Suppose 4*j - 130143 = -35647. List the prime factors of j.
2, 2953
Suppose -25*g = -7*g - 14*g - 61648. List the prime factors of g.
2, 3853
Let a(y) = -21*y**3 + 2*y**2 + y. Let h be a(-1). Let z be -5*(-282)/30 - -8. List the prime factors of 3180/z + 4/h.
2, 29
Let p = -66706 + 96354. List the prime factors of p.
2, 17, 109
What are the prime factors of 37557 + -6 + 1 + (-3 - 2 - -1)?
2, 3, 7, 149
Suppose -4*b + 4*n = -19000, -5*n + 1849 + 7686 = 2*b. What are the prime factors of b?
3, 5, 317
Let b be (1 - (-22)/10)*(-5)/(-2). Let o be 21/2*58 - (-8)/b. Suppose 5*u = 15*u - o. What are the prime factors of u?
61
What are the prime factors of (67079/6 + (-4)/(-24))/(4/4)?
2, 5, 13, 43
Suppose -22610 = -s + g, 256*s - 260*s = 3*g - 90440. List the prime factors of s.
2, 5, 7, 17, 19
Let s = -8 - -5. Suppose -2*n - 4*h + 6*h - 1054 = 0, 3*h = -18. List the prime factors of (n/(-13))/((-1)/s).
3, 41
Let p(x) = x - 4. Let b(v) = -12*v. Let z(r) = -2*b(r) + 10*p(r). What are the prime factors of z(8)?
2, 29
Suppose -36 = -5*h + o, 5*h - 3*o - o = 39. What are the prime factors of 5 - 1/(h/(-2954))?
7, 61
Let x = 53127 - 34311. What are the prime factors of x?
2, 3, 7
Suppose -9121 = -173*p - 40760 + 591121. List the prime factors of p.
2, 3, 7, 11
Let a be 20/50 + 18/10*1227. Suppose 5*z = g + a, -5*g - 253 - 1090 = -3*z. What are the prime factors of z?
3, 7
Suppose -2*y + 4*s = 8 - 0, -2*s - 4 = -5*y. Suppose -813 = -y*t - 24*v + 23*v, 4*t - 4*v = 1656. What are the prime factors of t?
409
Suppose -2*l - 16121 = 3*s - 66847, 3*l = 4*s - 67646. What are the prime factors of s?
2, 5, 19, 89
Let o(v) = 234*v + 431. List the prime factors of o(77).
19, 971
Let n = 19784 - 6121. List the prime factors of n.
13, 1051
Suppose 120 = -85*a + 75*a. List the prime factors of (1 - (-32)/a)/((-8)/3768).
5, 157
Let p(i) = 7*i**2 - 28*i + 16. Let r be p(-8). Suppose 3*d = -5*o + 838, 2*d + 3*o - r = -129. What are the prime factors of d?
281
Let h be (-2 + (-232)/28)/((-5)/35). Let v = 1030 + h. List the prime factors of v.
2, 19, 29
Suppose 0*x = x + 3*w - 120, 2*x + 4*w = 234. Let m(i) = -i**3 - 47*i**2 + 52*i + 165. Let c be m(-48). Let f = x + c. What are the prime factors of f?
2, 3, 7
List the prime factors of 860/70*5565/30.
43, 53
Let u(w) = -w + 11. Let d be u(6). Suppose 392 = -2*s - d*q, 0 = -4*s - 0*s - 4*q - 772. Let l = -129 - s. What are the prime factors of l?
2, 31
Suppose 18*o - 26276 = -7016. Let h = -317 + o. What are the prime factors of h?
3, 251
Suppose 5*h - 53 = -103. What are the prime factors of (h/(-1))/5*197?
2, 197
Suppose 0 = -n - 5 + 4. What are the prime factors of (11/5 + -7)/(n/60)?
2, 3
Let m(f) be the first derivative of f**3/3 - 7*f**2/2 + 32*f + 43. Let i be m(5). Let p = 76 + i. What are the prime factors of p?
2, 7
Let i = 69014 + -47115. List the prime factors of i.
61, 359
Let x(z) be the first derivative of -10*z**2 - 25 - 18*z + 14/3*z**3 - 1/4*z**4. List the prime factors of x(9).
3, 23
Suppose 350*g - 351*g = 706. Let w = g + 1030. What are the prime factors of w?
2, 3
Suppose 0 = w - a - 5397, 0 = -2*w + 19*a - 15*a + 10800. List the prime factors of w.
2, 3, 29, 31
Let p = 18466 + 38920. What are the prime factors of p?
2, 7, 4099
Suppose 9*i + 742 = -1364. Let j = i - -881. What are the prime factors of j?
647
Let t = -104 - -99. List the prime factors of (4/t)/((-74)/3515).
2, 19
Let p = 95 + 1084. Suppose 17377 = 14*r + p. What are the prime factors of r?
13, 89
Suppose -13*d - 2 = q - 12*d, 4*q + 5*d + 13 = 0. Suppose 2*u = 2*j + 1418 + 804, 0 = -q*u - 3*j + 3363. What are the prime factors of u?
2, 3, 31
Let d = -201 - -288. Let o = d - 83. Suppose 3*i + o*p = 449, 5*i - 470 = -p + 284. What are the prime factors of i?
151
Suppose -12*d = -0*d - 3384. Let r = -186 + d. What are the prime factors of r?
2, 3
Let p = -79030 + 159097. What are the prime factors of p?
3, 13, 2053
Suppose -19*a = -60*a + 49405. Let y = a - 419. List the prime factors of y.
2, 3, 131
Let d(u) = u**2 + 4*u + 9. Let q be d(-4). Suppose -2*c - 39 = q. What are the prime factors of (-